of 26417047?
0
What is the hundred millions digit of 383615189?
3
What is the ten thousands digit of 316360013?
6
What is the hundred millions digit of 1177185084?
1
What is the millions digit of 281152100?
1
What is the ten millions digit of 2484185755?
8
What is the ten thousands digit of 215103871?
0
What is the ten millions digit of 48484210?
4
What is the millions digit of 1832018508?
2
What is the hundreds digit of 973997569?
5
What is the hundred thousands digit of 155738659?
7
What is the hundred millions digit of 5576858379?
5
What is the millions digit of 92971638?
2
What is the hundred thousands digit of 3013113304?
1
What is the billions digit of 1384275796?
1
What is the hundreds digit of 61103289?
2
What is the units digit of 229410802?
2
What is the tens digit of 668081249?
4
What is the ten millions digit of 1355982185?
5
What is the ten thousands digit of 46004612?
0
What is the ten millions digit of 117553409?
1
What is the tens digit of 71374188?
8
What is the ten millions digit of 308522471?
0
What is the tens digit of 699557995?
9
What is the hundred millions digit of 649968740?
6
What is the units digit of 53131063?
3
What is the thousands digit of 81871847?
1
What is the hundred millions digit of 384994495?
3
What is the hundreds digit of 833661277?
2
What is the ten thousands digit of 30327120?
2
What is the units digit of 32247803?
3
What is the ten thousands digit of 523343280?
4
What is the thousands digit of 315202656?
2
What is the ten thousands digit of 55737302?
3
What is the hundred millions digit of 671542902?
6
What is the hundred thousands digit of 192034074?
0
What is the ten thousands digit of 22156211?
5
What is the tens digit of 942467559?
5
What is the thousands digit of 82552370?
2
What is the hundred thousands digit of 446698117?
6
What is the ten thousands digit of 2742693?
4
What is the hundred thousands digit of 119444279?
4
What is the hundred millions digit of 1068333890?
0
What is the tens digit of 97163266?
6
What is the millions digit of 166291536?
6
What is the thousands digit of 1190667592?
7
What is the hundred thousands digit of 606775442?
7
What is the units digit of 1328263472?
2
What is the units digit of 1057089289?
9
What is the ten thousands digit of 176579709?
7
What is the ten millions digit of 161554799?
6
What is the tens digit of 11569769?
6
What is the hundreds digit of 13582851?
8
What is the tens digit of 929728391?
9
What is the tens digit of 1192180337?
3
What is the units digit of 65230742?
2
What is the millions digit of 1544670875?
4
What is the hundred thousands digit of 30542812?
5
What is the hundred millions digit of 3855243613?
8
What is the tens digit of 4161988636?
3
What is the hundreds digit of 38478807?
8
What is the millions digit of 33171541?
3
What is the tens digit of 25322428?
2
What is the thousands digit of 1354173600?
3
What is the billions digit of 1349182933?
1
What is the thousands digit of 94426617?
6
What is the millions digit of 910677601?
0
What is the ten thousands digit of 72046676?
4
What is the hundred thousands digit of 297619256?
6
What is the tens digit of 781007374?
7
What is the thousands digit of 236198986?
8
What is the units digit of 21726127?
7
What is the thousands digit of 86910594?
0
What is the ten millions digit of 3109271700?
0
What is the ten millions digit of 798126985?
9
What is the millions digit of 2370753039?
0
What is the ten millions digit of 71661427?
7
What is the thousands digit of 687657458?
7
What is the millions digit of 722329828?
2
What is the ten millions digit of 701840478?
0
What is the hundreds digit of 118966263?
2
What is the millions digit of 250922407?
0
What is the millions digit of 40287550?
0
What is the billions digit of 1429636205?
1
What is the ten millions digit of 48601027?
4
What is the millions digit of 8285885091?
5
What is the billions digit of 1692320011?
1
What is the tens digit of 4271435?
3
What is the thousands digit of 643469402?
9
What is the millions digit of 814331088?
4
What is the thousands digit of 78693070?
3
What is the hundreds digit of 120640800?
8
What is the tens digit of 825321408?
0
What is the hundred thousands digit of 108201282?
2
What is the hundreds digit of 2059191361?
3
What is the tens digit of 16503718?
1
What is the millions digit of 3225239027?
5
What is the units digit of 554228040?
0
What is the billions digit of 5626466530?
5
What is the tens digit of 22709342?
4
What is the hundreds digit of 168512936?
9
What is the ten thousands digit of 53196239?
9
What is the millions digit of 5948702946?
8
What is the units digit of 3538944?
4
What is the hundreds digit of 585234771?
7
What is the ten millions digit of 28197141?
2
What is the units digit of 206730785?
5
What is the ten thousands digit of 3212805306?
0
What is the hundred millions digit of 341059885?
3
What is the ten millions digit of 183004648?
8
What is the units digit of 419704295?
5
What is the thousands digit of 861765425?
5
What is the ten millions digit of 618219208?
1
What is the hundred thousands digit of 24880976?
8
What is the millions digit of 238406734?
8
What is the ten millions digit of 50671408?
5
What is the thousands digit of 7078090862?
0
What is the hundred thousands digit of 3064901237?
9
What is the hundred millions digit of 149945461?
1
What is the ten thousands digit of 854069943?
6
What is the hundred millions digit of 4657037641?
6
What is the thousands digit of 268422048?
2
What is the tens digit of 58590820?
2
What is the tens digit of 35525946?
4
What is the ten thousands digit of 32201100?
0
What is the hundreds digit of 1116071679?
6
What is the units digit of 1586903459?
9
What is the ten thousands digit of 30419074?
1
What is the units digit of 246670556?
6
What is the units digit of 129831436?
6
What is the thousands digit of 52537485?
7
What is the ten thousands digit of 3722010738?
1
What is the thousands digit of 141947457?
7
What is the tens digit of 823609917?
1
What is the units digit of 4264801227?
7
What is the billions digit of 2718000564?
2
What is the ten millions digit of 14044052?
1
What is the ten millions digit of 2963680712?
6
What is the units digit of 75615435?
5
What is the hundred millions digit of 576510343?
5
What is the millions digit of 96881278?
6
What is the hundred millions digit of 244078074?
2
What is the hundred thousands digit of 282613294?
6
What is the thousands digit of 994837329?
7
What is the tens digit of 2505383326?
2
What is the hundred thousands digit of 72026750?
0
What is the hundreds digit of 248914642?
6
What is the hundred thousands digit of 79148957?
1
What is the thousands digit of 160509907?
9
What is the ten thousands digit of 1285922765?
2
What is the ten millions digit of 139014361?
3
What is the units digit of 414633739?
9
What is the millions digit of 4238632375?
8
What is the hundreds digit of 912770555?
5
What is the ten thousands digit of 318324854?
2
What is the tens digit of 1117738081?
8
What is the hundred millions digit of 780381855?
7
What is the units digit of 75573502?
2
What is the ten thousands digit of 552941907?
4
What is the ten thousands digit of 45259774?
5
What is the hundreds digit of 686263915?
9
What is the hundred thousands digit of 46138091?
1
What is the hundreds digit of 2178547552?
5
What is the hundred thousands digit of 553335150?
3
What is the hundred thousands digit of 57502357?
5
What is the tens digit of 1193566653?
5
What is the millions digit of 1275154024?
5
What is the hundreds digit of 2007193247?
2
What is the hundred thousands digit of 2579118572?
1
What is the hundreds digit of 14773389?
3
What is the thousands digit of 18103443?
3
What is the ten thousands digit of 25997604?
9
What is the ten millions digit of 137038570?
3
What is the hundred thousands digit of 1978407573?
4
What is the hundreds digit of 555205650?
6
What is the ten millions digit of 16350808?
1
What is the tens digit of 61146406?
0
What is the ten thousands digit of 9855320?
5
What is the hundreds digit of 30947021?
0
What is the units digit of 261590007?
7
What is the ten millions digit of 987642287?
8
What is the tens digit of 54599994?
9
What is the ten millions digit of 170512636?
7
What is the hundred